8035.
5, 1581607
What are the prime factors of 6601938?
2, 3, 7, 157189
List the prime factors of 1132037.
23, 83, 593
List the prime factors of 477630.
2, 3, 5, 29, 61
List the prime factors of 498413.
43, 67, 173
What are the prime factors of 18222619?
53, 343823
List the prime factors of 3033154.
2, 733, 2069
List the prime factors of 1519044.
2, 3, 103, 1229
List the prime factors of 401751.
3, 7, 911
List the prime factors of 1461175.
5, 211, 277
What are the prime factors of 641537?
13, 61, 809
List the prime factors of 5290183.
103, 51361
What are the prime factors of 234847?
234847
List the prime factors of 203376.
2, 3, 19, 223
List the prime factors of 124165.
5, 19, 1307
What are the prime factors of 153129?
3, 51043
List the prime factors of 588651.
3, 7, 28031
List the prime factors of 4914317.
487, 10091
What are the prime factors of 4042881?
3, 449209
What are the prime factors of 19348665?
3, 5, 7, 184273
List the prime factors of 923656.
2, 263, 439
What are the prime factors of 8625647?
17, 67, 7573
List the prime factors of 291960.
2, 3, 5, 811
List the prime factors of 947100.
2, 3, 5, 7, 11, 41
What are the prime factors of 1597693?
1597693
List the prime factors of 554549.
97, 5717
What are the prime factors of 456998?
2, 83, 2753
List the prime factors of 4586405.
5, 917281
What are the prime factors of 977603?
11, 88873
List the prime factors of 29460.
2, 3, 5, 491
What are the prime factors of 52244?
2, 37, 353
What are the prime factors of 24746243?
24746243
What are the prime factors of 33560331?
3, 7, 1598111
What are the prime factors of 2344575?
3, 5, 43, 727
What are the prime factors of 3654387?
3, 11, 36913
What are the prime factors of 492427?
13, 37879
List the prime factors of 12549988.
2, 11, 285227
List the prime factors of 311482.
2, 155741
List the prime factors of 372422.
2, 186211
What are the prime factors of 249856?
2, 61
List the prime factors of 245675.
5, 31, 317
What are the prime factors of 10528301?
7, 83, 18121
What are the prime factors of 108011?
108011
What are the prime factors of 1127106?
2, 3, 62617
What are the prime factors of 395434?
2, 13, 67, 227
List the prime factors of 341777.
341777
What are the prime factors of 3170360?
2, 5, 79259
List the prime factors of 97087.
17, 5711
List the prime factors of 3987660.
2, 3, 5, 41, 1621
What are the prime factors of 1144010?
2, 5, 7, 59, 277
List the prime factors of 2463504.
2, 3, 17, 3019
What are the prime factors of 2192431?
2192431
What are the prime factors of 567365?
5, 53, 2141
What are the prime factors of 39088811?
5569, 7019
List the prime factors of 121027.
37, 3271
What are the prime factors of 121809?
3, 19, 2137
What are the prime factors of 11636668?
2, 2909167
List the prime factors of 305857.
305857
What are the prime factors of 467801?
131, 3571
List the prime factors of 4308319.
4308319
List the prime factors of 35508389.
7, 23, 643
What are the prime factors of 193611?
3, 11, 5867
List the prime factors of 194772.
2, 3, 16231
List the prime factors of 1973642.
2, 11, 283, 317
What are the prime factors of 1773901?
29, 61169
List the prime factors of 16771559.
7, 163, 14699
What are the prime factors of 18084379?
17, 37, 28751
What are the prime factors of 515198?
2, 313, 823
List the prime factors of 585848.
2, 67, 1093
What are the prime factors of 1488876?
2, 3, 53, 2341
List the prime factors of 589169.
7, 17, 4951
List the prime factors of 25130831.
11, 1171, 1951
What are the prime factors of 648472?
2, 11, 7369
What are the prime factors of 2361550?
2, 5, 73, 647
What are the prime factors of 2152269?
3, 7, 127, 269
List the prime factors of 9876914.
2, 239, 20663
What are the prime factors of 485559?
3, 53951
List the prime factors of 1916959.
11, 229, 761
List the prime factors of 472995.
3, 5, 23, 457
List the prime factors of 465837.
3, 31, 5009
What are the prime factors of 204091?
409, 499
List the prime factors of 14242844.
2, 7, 11, 131, 353
What are the prime factors of 1145239?
17, 23, 29, 101
List the prime factors of 325090.
2, 5, 19, 29, 59
List the prime factors of 523174.
2, 261587
List the prime factors of 57207.
3, 19069
List the prime factors of 574122.
2, 3, 103, 929
What are the prime factors of 75616?
2, 17, 139
What are the prime factors of 25342918?
2, 23, 167, 3299
List the prime factors of 3299968.
2, 7, 29, 127
List the prime factors of 6636674.
2, 11, 59, 5113
List the prime factors of 2820020.
2, 5, 7, 20143
List the prime factors of 415739.
19, 21881
List the prime factors of 8670253.
593, 14621
What are the prime factors of 263427?
3, 277, 317
List the prime factors of 513265.
5, 102653
List the prime factors of 953754.
2, 3, 158959
List the prime factors of 12581545.
5, 2516309
What are the prime factors of 493671?
3, 79, 2083
What are the prime factors of 5090372?
2, 7, 137, 1327
What are the prime factors of 3922083?
3, 11, 173, 229
List the prime factors of 656394.
2, 3, 31, 3529
What are the prime factors of 261083?
131, 1993
List the prime factors of 2365009.
2365009
What are the prime factors of 255556?
2, 7, 9127
What are the prime factors of 4358952?
2, 3, 13, 4657
List the prime factors of 3170402.
2, 1585201
List the prime factors of 3136914.
2, 3, 11, 5281
List the prime factors of 8743623.
3, 7, 59, 7057
List the prime factors of 202279.
7, 11, 37, 71
List the prime factors of 3872062.
2, 167, 11593
List the prime factors of 2666478.
2, 3, 521, 853
List the prime factors of 2014328.
2, 251791
What are the prime factors of 761589?
3, 67, 421
List the prime factors of 1298571.
3, 432857
List the prime factors of 792770.
2, 5, 11, 7207
List the prime factors of 399640.
2, 5, 97, 103
List the prime factors of 1816137.
3, 373, 541
What are the prime factors of 487618?
2, 243809
List the prime factors of 4035262.
2, 7, 11, 26203
List the prime factors of 288006.
2, 3, 23, 2087
What are the prime factors of 19132334?
2, 13, 43, 109, 157
List the prime factors of 9399525.
3, 5, 23, 5449
What are the prime factors of 3145537?
349, 9013
What are the prime factors of 1520827?
7, 11, 19751
What are the prime factors of 1610274?
2, 3, 17, 15787
What are the prime factors of 886603?
167, 5309
What are the prime factors of 8813083?
31, 284293
List the prime factors of 19197244.
2, 11, 47, 9283
List the prime factors of 223168.
2, 11, 317
List the prime factors of 1335377.
19, 67, 1049
What are the prime factors of 372429?
3, 41381
List the prime factors of 915959.
11, 83269
What are the prime factors of 412139?
7, 13, 647
List the prime factors of 1306551.
3, 491, 887
List the prime factors of 447557.
11, 23, 29, 61
What are the prime factors of 449064?
2, 3, 7, 11
What are the prime factors of 2214620?
2, 5, 110731
What are the prime factors of 3312524?
2, 828131
What are the prime factors of 62236?
2, 15559
List the prime factors of 34495.
5, 6899
What are the prime factors of 1496921?
101, 14821
List the prime factors of 8724287.
11, 13, 19
List the prime factors of 37102578.
2, 3, 1237, 4999
List the prime factors of 279619.
279619
List the prime factors of 292755.
3, 5, 29, 673
List the prime factors of 778035.
3, 5, 51869
List the prime factors of 1178352.
2, 3, 7, 167
List the prime factors of 180656.
2, 7, 1613
List the prime factors of 193917.
3, 37, 1747
What are the prime factors of 131583?
3, 23, 1907
What are the prime factors of 725628?
2, 3, 17, 3557
What are the prime factors of 40922482?
2, 599, 34159
What are the prime factors of 23698287?
3, 41, 64223
List the prime factors of 7429695.
3, 5, 7, 13, 5443
List the prime factors of 1246573.
1246573
What are the prime factors of 360399?
3, 13, 9241
List the prime factors of 456275.
5, 18251
List the prime factors of 1718392.
2, 13, 31, 41
What are the prime factors of 10625612?
2, 17, 156259
List the prime factors of 42542.
2, 89, 239
List the prime factors of 2564862.
2, 3, 427477
List the prime factors of 60909.
3, 79, 257
What are the prime factors of 7541614?
2, 3770807
What are the prime factors of 17448346?
2, 19, 459167
What are the prime factors of 11327396?
2, 2831849
List the prime factors of 1987694.
2, 103, 9649
What are the prime factors of 366954?
2, 3, 7, 8737
List the prime factors of 117632.
2, 919
